 16169 and 101821.
437
Calculate the greatest common divisor of 191060 and 22140.
820
What is the highest common factor of 12478 and 374?
34
What is the highest common divisor of 15 and 609975?
15
Calculate the greatest common factor of 149254 and 98.
98
Calculate the highest common factor of 197901 and 264.
33
What is the greatest common divisor of 104 and 335348?
52
What is the greatest common factor of 2436 and 2112?
12
What is the highest common divisor of 1430 and 7920?
110
What is the highest common factor of 90 and 35436?
6
Calculate the greatest common divisor of 3102 and 14241.
141
Calculate the highest common divisor of 2222 and 12232.
22
What is the greatest common factor of 826009 and 1157?
89
Calculate the highest common divisor of 14329 and 2225.
89
What is the highest common divisor of 2425 and 76436?
97
What is the highest common factor of 31791 and 18?
3
Calculate the highest common factor of 29410 and 119.
17
Calculate the highest common divisor of 1360 and 23360.
80
What is the greatest common divisor of 963 and 6634?
107
What is the greatest common factor of 4558 and 34486?
86
Calculate the highest common divisor of 2064 and 17931.
129
What is the highest common factor of 7 and 130347?
7
What is the greatest common divisor of 151781 and 28?
7
What is the highest common factor of 577236 and 132?
132
What is the greatest common divisor of 105 and 132390?
15
Calculate the greatest common factor of 19500 and 540.
60
Calculate the highest common divisor of 120 and 63204.
12
Calculate the greatest common factor of 1649 and 789871.
1649
What is the highest common divisor of 48834 and 18?
18
Calculate the highest common divisor of 27241 and 16.
1
Calculate the highest common factor of 4050 and 1296.
162
Calculate the highest common divisor of 994 and 24626.
14
Calculate the highest common factor of 153940 and 69452.
716
Calculate the highest common divisor of 270035 and 2173.
53
Calculate the highest common divisor of 48 and 9632.
16
Calculate the highest common divisor of 75816 and 783.
27
What is the highest common factor of 955 and 9305?
5
Calculate the highest common factor of 75845 and 2695.
385
Calculate the greatest common divisor of 2985 and 81391.
199
Calculate the highest common factor of 1100 and 572.
44
What is the greatest common factor of 262417 and 1588?
397
What is the highest common factor of 78 and 5051826?
78
What is the greatest common factor of 1162958 and 116?
58
What is the greatest common divisor of 180 and 937060?
20
Calculate the greatest common factor of 9 and 726828.
3
Calculate the highest common divisor of 74001 and 102.
51
What is the greatest common divisor of 1560 and 171940?
20
What is the greatest common divisor of 30 and 43788?
6
What is the greatest common divisor of 1100 and 2101?
11
What is the greatest common divisor of 28 and 4830?
14
Calculate the highest common divisor of 79574 and 22.
22
Calculate the highest common factor of 7705 and 1035.
115
Calculate the highest common divisor of 2295 and 11424.
51
Calculate the highest common factor of 60795 and 1575.
315
What is the highest common divisor of 11505 and 13845?
195
What is the highest common divisor of 50043 and 567?
21
Calculate the greatest common divisor of 610778 and 14.
14
What is the highest common factor of 2054712 and 129?
129
Calculate the greatest common factor of 114 and 3472383.
57
Calculate the highest common factor of 517 and 47817.
11
Calculate the highest common divisor of 13990 and 4540.
10
Calculate the greatest common factor of 35 and 726565.
35
What is the highest common divisor of 56 and 79604?
28
What is the greatest common divisor of 2643795 and 2616?
327
Calculate the greatest common factor of 126 and 190666.
14
Calculate the highest common factor of 218 and 13298.
218
Calculate the highest common factor of 36 and 356.
4
Calculate the greatest common divisor of 1020450 and 15.
15
Calculate the greatest common divisor of 14985072 and 38.
38
Calculate the greatest common divisor of 237 and 1975.
79
What is the greatest common factor of 1146550 and 69?
23
Calculate the greatest common factor of 19150 and 250.
50
Calculate the highest common divisor of 920 and 197570.
230
Calculate the greatest common factor of 34997 and 6478.
79
What is the greatest common factor of 7941350 and 150?
50
What is the highest common divisor of 85747 and 38?
19
Calculate the greatest common factor of 20000 and 25920.
160
Calculate the highest common factor of 413342 and 466.
466
What is the highest common factor of 660 and 22242?
66
Calculate the highest common factor of 59712 and 1152.
192
What is the greatest common divisor of 59 and 1291274?
59
Calculate the greatest common divisor of 215 and 16039.
43
What is the highest common factor of 944 and 336?
16
What is the highest common factor of 10274 and 1716?
22
What is the highest common factor of 135009 and 1827?
63
What is the greatest common factor of 104 and 3902522?
26
Calculate the greatest common factor of 15927 and 300.
3
What is the greatest common factor of 80 and 113860?
20
Calculate the highest common factor of 168 and 73528.
56
What is the greatest common factor of 75555 and 5840?
365
What is the greatest common divisor of 7280280 and 378?
378
Calculate the highest common divisor of 448720 and 355.
355
What is the greatest common factor of 1673039 and 58?
29
Calculate the highest common divisor of 1226665 and 55.
55
What is the highest common divisor of 20402 and 2222?
202
What is the highest common divisor of 42 and 129450?
6
Calculate the greatest common factor of 231736 and 1743.
83
What is the highest common factor of 462 and 13134?
66
What is the highest common factor of 15 and 260680?
5
Calculate the greatest common divisor of 136079 and 328.
41
What is the highest common divisor of 5491 and 1121?
19
What is the highest common factor of 1203 and 4332805?
401
Calculate the highest common divisor of 2471 and 21533.
353
What is the greatest common factor of 623 and 4907?
7
Calculate the greatest common divisor of 20 and 86790.
10
Calculate the highest common divisor of 7453 and 257.
257
Calculate the greatest common divisor of 2715 and 20.
5
What is the highest common divisor of 179 and 158057?
179
Calculate the greatest common factor of 618 and 22086.
6
What is the highest common divisor of 9256 and 766112?
712
What is the greatest common divisor of 1014 and 2439?
3
What is the highest common divisor of 23 and 748581?
23
Calculate the greatest common divisor of 395724 and 8232.
588
Calculate the highest common factor of 24 and 3567.
3
Calculate the highest common divisor of 749766 and 899.
899
What is the greatest common divisor of 1484 and 4768834?
742
What is the greatest common divisor of 2342214 and 56?
14
Calculate the greatest common factor of 2128 and 299782.
266
What is the greatest common factor of 10098 and 638?
22
What is the greatest common factor of 17873 and 1952?
61
Calculate the greatest common factor of 531 and 830012.
59
What is the highest common divisor of 6 and 130506?
6
What is the highest common factor of 1089878 and 667?
667
Calculate the greatest common divisor of 258857 and 379.
379
What is the highest common divisor of 548 and 68?
4
Calculate the greatest common factor of 10 and 297030.
10
Calculate the highest common factor of 178 and 136704.
178
Calculate the greatest common divisor of 80098 and 58.
58
What is the greatest common divisor of 686 and 32018?
14
Calculate the greatest common divisor of 538288 and 4.
4
What is the greatest common divisor of 1620 and 1566?
54
What is the greatest common divisor of 13195 and 637?
91
Calculate the highest common factor of 5158054 and 22.
22
Calculate the highest common factor of 112053 and 246.
123
What is the highest common divisor of 1365 and 14287?
91
What is the highest common divisor of 60 and 62655?
15
Calculate the greatest common divisor of 16 and 821088.
16
What is the greatest common divisor of 1240558 and 28248?
2354
Calculate the greatest common divisor of 954 and 216.
18
Calculate the greatest common factor of 10730 and 2035.
185
What is the highest common factor of 174135 and 282?
141
What is the greatest common divisor of 135 and 398340?
45
What is the greatest common divisor of